{"id":5072,"date":"2022-06-20T08:21:17","date_gmt":"2022-06-20T06:21:17","guid":{"rendered":"https:\/\/wellenklaenge.at\/?post_type=product&#038;p=5072"},"modified":"2024-07-18T15:36:33","modified_gmt":"2024-07-18T13:36:33","slug":"tote-bag","status":"publish","type":"product","link":"https:\/\/wellenklaenge.at\/en\/product\/tote-bag\/","title":{"rendered":"Tote-Bag"},"content":{"rendered":"","protected":false},"excerpt":{"rendered":"<p>&nbsp;<\/p>\n<p>Aus\u00a0Bio-Baumwolle,<br \/>\nvon\u00a0<a href=\"https:\/\/lila.cx\/\" target=\"_blank\" rel=\"noopener\"><b data-stringify-type=\"bold\">lila<\/b>\u00a0<\/a>mit\u00a0Liebe\u00a0gemacht\u00a0und\u00a0siebbedruckt\u00a0in\u00a0Wien!<\/p>\n<p>&nbsp;<\/p>\n<p>&nbsp;<\/p>","protected":false},"featured_media":5074,"template":"","meta":{"inline_featured_image":false},"product_cat":[27],"product_tag":[],"class_list":["post-5072","product","type-product","status-publish","has-post-thumbnail","hentry","product_cat-unkategorisiert","product_shipping_class-versand"],"yoast_head":"<!-- This site is optimized with the Yoast SEO plugin v20.1 - https:\/\/yoast.com\/wordpress\/plugins\/seo\/ -->\n<title>Tote-Bag - wellenklaenge<\/title>\n<meta name=\"robots\" content=\"index, follow, max-snippet:-1, max-image-preview:large, max-video-preview:-1\" \/>\n<link rel=\"canonical\" href=\"https:\/\/wellenklaenge.at\/en\/product\/tote-bag\/\" \/>\n<meta property=\"og:locale\" content=\"en_GB\" \/>\n<meta property=\"og:type\" content=\"article\" \/>\n<meta property=\"og:title\" content=\"Tote-Bag - wellenklaenge\" \/>\n<meta property=\"og:description\" content=\"&nbsp;  Aus\u00a0Bio-Baumwolle, von\u00a0lila\u00a0mit\u00a0Liebe\u00a0gemacht\u00a0und\u00a0siebbedruckt\u00a0in\u00a0Wien!  &nbsp;  &nbsp;\" \/>\n<meta property=\"og:url\" content=\"https:\/\/wellenklaenge.at\/en\/product\/tote-bag\/\" \/>\n<meta property=\"og:site_name\" content=\"wellenklaenge\" \/>\n<meta property=\"article:modified_time\" content=\"2024-07-18T13:36:33+00:00\" \/>\n<meta property=\"og:image\" content=\"https:\/\/wellenklaenge.at\/wp-content\/uploads\/2022\/06\/Tote-Bag_02.jpg\" \/>\n\t<meta property=\"og:image:width\" content=\"977\" \/>\n\t<meta property=\"og:image:height\" content=\"1400\" \/>\n\t<meta property=\"og:image:type\" content=\"image\/jpeg\" \/>\n<meta name=\"twitter:card\" content=\"summary_large_image\" \/>\n<script type=\"application\/ld+json\" class=\"yoast-schema-graph\">{\"@context\":\"https:\/\/schema.org\",\"@graph\":[{\"@type\":\"WebPage\",\"@id\":\"https:\/\/wellenklaenge.at\/produkt\/tote-bag\/\",\"url\":\"https:\/\/wellenklaenge.at\/produkt\/tote-bag\/\",\"name\":\"Tote-Bag - wellenklaenge\",\"isPartOf\":{\"@id\":\"https:\/\/wellenklaenge.at\/#website\"},\"datePublished\":\"2022-06-20T06:21:17+00:00\",\"dateModified\":\"2024-07-18T13:36:33+00:00\",\"breadcrumb\":{\"@id\":\"https:\/\/wellenklaenge.at\/produkt\/tote-bag\/#breadcrumb\"},\"inLanguage\":\"en-GB\",\"potentialAction\":[{\"@type\":\"ReadAction\",\"target\":[\"https:\/\/wellenklaenge.at\/produkt\/tote-bag\/\"]}]},{\"@type\":\"BreadcrumbList\",\"@id\":\"https:\/\/wellenklaenge.at\/produkt\/tote-bag\/#breadcrumb\",\"itemListElement\":[{\"@type\":\"ListItem\",\"position\":1,\"name\":\"Startseite\",\"item\":\"https:\/\/wellenklaenge.at\/\"},{\"@type\":\"ListItem\",\"position\":2,\"name\":\"Shop\",\"item\":\"https:\/\/wellenklaenge.at\/shop\/\"},{\"@type\":\"ListItem\",\"position\":3,\"name\":\"Tote-Bag\"}]},{\"@type\":\"WebSite\",\"@id\":\"https:\/\/wellenklaenge.at\/#website\",\"url\":\"https:\/\/wellenklaenge.at\/\",\"name\":\"wellenklaenge\",\"description\":\"Festival f\u00fcr zeitgen\u00f6ssische Str\u00f6mungen\",\"potentialAction\":[{\"@type\":\"SearchAction\",\"target\":{\"@type\":\"EntryPoint\",\"urlTemplate\":\"https:\/\/wellenklaenge.at\/?s={search_term_string}\"},\"query-input\":\"required name=search_term_string\"}],\"inLanguage\":\"en-GB\"}]}<\/script>\n<!-- \/ Yoast SEO plugin. -->","yoast_head_json":{"title":"Tote-Bag - wellenklaenge","robots":{"index":"index","follow":"follow","max-snippet":"max-snippet:-1","max-image-preview":"max-image-preview:large","max-video-preview":"max-video-preview:-1"},"canonical":"https:\/\/wellenklaenge.at\/en\/product\/tote-bag\/","og_locale":"en_GB","og_type":"article","og_title":"Tote-Bag - wellenklaenge","og_description":"&nbsp;  Aus\u00a0Bio-Baumwolle, von\u00a0lila\u00a0mit\u00a0Liebe\u00a0gemacht\u00a0und\u00a0siebbedruckt\u00a0in\u00a0Wien!  &nbsp;  &nbsp;","og_url":"https:\/\/wellenklaenge.at\/en\/product\/tote-bag\/","og_site_name":"wellenklaenge","article_modified_time":"2024-07-18T13:36:33+00:00","og_image":[{"width":977,"height":1400,"url":"https:\/\/wellenklaenge.at\/wp-content\/uploads\/2022\/06\/Tote-Bag_02.jpg","type":"image\/jpeg"}],"twitter_card":"summary_large_image","schema":{"@context":"https:\/\/schema.org","@graph":[{"@type":"WebPage","@id":"https:\/\/wellenklaenge.at\/produkt\/tote-bag\/","url":"https:\/\/wellenklaenge.at\/produkt\/tote-bag\/","name":"Tote-Bag - wellenklaenge","isPartOf":{"@id":"https:\/\/wellenklaenge.at\/#website"},"datePublished":"2022-06-20T06:21:17+00:00","dateModified":"2024-07-18T13:36:33+00:00","breadcrumb":{"@id":"https:\/\/wellenklaenge.at\/produkt\/tote-bag\/#breadcrumb"},"inLanguage":"en-GB","potentialAction":[{"@type":"ReadAction","target":["https:\/\/wellenklaenge.at\/produkt\/tote-bag\/"]}]},{"@type":"BreadcrumbList","@id":"https:\/\/wellenklaenge.at\/produkt\/tote-bag\/#breadcrumb","itemListElement":[{"@type":"ListItem","position":1,"name":"Startseite","item":"https:\/\/wellenklaenge.at\/"},{"@type":"ListItem","position":2,"name":"Shop","item":"https:\/\/wellenklaenge.at\/shop\/"},{"@type":"ListItem","position":3,"name":"Tote-Bag"}]},{"@type":"WebSite","@id":"https:\/\/wellenklaenge.at\/#website","url":"https:\/\/wellenklaenge.at\/","name":"wellenklaenge","description":"Festival f\u00fcr zeitgen\u00f6ssische Str\u00f6mungen","potentialAction":[{"@type":"SearchAction","target":{"@type":"EntryPoint","urlTemplate":"https:\/\/wellenklaenge.at\/?s={search_term_string}"},"query-input":"required name=search_term_string"}],"inLanguage":"en-GB"}]}},"_links":{"self":[{"href":"https:\/\/wellenklaenge.at\/en\/wp-json\/wp\/v2\/product\/5072","targetHints":{"allow":["GET"]}}],"collection":[{"href":"https:\/\/wellenklaenge.at\/en\/wp-json\/wp\/v2\/product"}],"about":[{"href":"https:\/\/wellenklaenge.at\/en\/wp-json\/wp\/v2\/types\/product"}],"wp:featuredmedia":[{"embeddable":true,"href":"https:\/\/wellenklaenge.at\/en\/wp-json\/wp\/v2\/media\/5074"}],"wp:attachment":[{"href":"https:\/\/wellenklaenge.at\/en\/wp-json\/wp\/v2\/media?parent=5072"}],"wp:term":[{"taxonomy":"product_cat","embeddable":true,"href":"https:\/\/wellenklaenge.at\/en\/wp-json\/wp\/v2\/product_cat?post=5072"},{"taxonomy":"product_tag","embeddable":true,"href":"https:\/\/wellenklaenge.at\/en\/wp-json\/wp\/v2\/product_tag?post=5072"}],"curies":[{"name":"wp","href":"https:\/\/api.w.org\/{rel}","templated":true}]}}

<!-- This site is optimized with the Yoast SEO plugin v20.1 - https://yoast.com/wordpress/plugins/seo/ -->
<title>Tote-Bag - wellenklaenge</title>
<meta name="robots" content="index, follow, max-snippet:-1, max-image-preview:large, max-video-preview:-1" />
<link rel="canonical" href="https://wellenklaenge.at/en/product/tote-bag/" />
<meta property="og:locale" content="en_GB" />
<meta property="og:type" content="article" />
<meta property="og:title" content="Tote-Bag - wellenklaenge" />
<meta property="og:description" content="&nbsp;  Aus Bio-Baumwolle, von lila mit Liebe gemacht und siebbedruckt in Wien!  &nbsp;  &nbsp;" />
<meta property="og:url" content="https://wellenklaenge.at/en/product/tote-bag/" />
<meta property="og:site_name" content="wellenklaenge" />
<meta property="article:modified_time" content="2024-07-18T13:36:33+00:00" />
<meta property="og:image" content="https://wellenklaenge.at/wp-content/uploads/2022/06/Tote-Bag_02.jpg" />
	<meta property="og:image:width" content="977" />
	<meta property="og:image:height" content="1400" />
	<meta property="og:image:type" content="image/jpeg" />
<meta name="twitter:card" content="summary_large_image" />
<script type="application/ld+json" class="yoast-schema-graph">{"@context":"https://schema.org","@graph":[{"@type":"WebPage","@id":"https://wellenklaenge.at/produkt/tote-bag/","url":"https://wellenklaenge.at/produkt/tote-bag/","name":"Tote-Bag - wellenklaenge","isPartOf":{"@id":"https://wellenklaenge.at/#website"},"datePublished":"2022-06-20T06:21:17+00:00","dateModified":"2024-07-18T13:36:33+00:00","breadcrumb":{"@id":"https://wellenklaenge.at/produkt/tote-bag/#breadcrumb"},"inLanguage":"en-GB","potentialAction":[{"@type":"ReadAction","target":["https://wellenklaenge.at/produkt/tote-bag/"]}]},{"@type":"BreadcrumbList","@id":"https://wellenklaenge.at/produkt/tote-bag/#breadcrumb","itemListElement":[{"@type":"ListItem","position":1,"name":"Startseite","item":"https://wellenklaenge.at/"},{"@type":"ListItem","position":2,"name":"Shop","item":"https://wellenklaenge.at/shop/"},{"@type":"ListItem","position":3,"name":"Tote-Bag"}]},{"@type":"WebSite","@id":"https://wellenklaenge.at/#website","url":"https://wellenklaenge.at/","name":"wellenklaenge","description":"Festival für zeitgenössische Strömungen","potentialAction":[{"@type":"SearchAction","target":{"@type":"EntryPoint","urlTemplate":"https://wellenklaenge.at/?s={search_term_string}"},"query-input":"required name=search_term_string"}],"inLanguage":"en-GB"}]}</script>
<!-- / Yoast SEO plugin. -->

Festival für zeitgenössische Strömungen
